hen 107136340 is divided by 31?
30
Calculate the remainder when 5001249 is divided by 241.
17
Calculate the remainder when 9388895 is divided by 564.
551
Calculate the remainder when 76450922 is divided by 11.
9
What is the remainder when 43460 is divided by 43215?
245
Calculate the remainder when 156685 is divided by 816.
13
Calculate the remainder when 26486 is divided by 7076.
5258
Calculate the remainder when 43931345 is divided by 3488.
3473
What is the remainder when 7973742 is divided by 90?
12
What is the remainder when 5079748 is divided by 750?
748
Calculate the remainder when 12854216 is divided by 35217.
11
What is the remainder when 19121 is divided by 2601?
914
Calculate the remainder when 2173955 is divided by 4831.
5
Calculate the remainder when 410391619 is divided by 171.
169
What is the remainder when 3484921 is divided by 2244?
2233
Calculate the remainder when 452763 is divided by 6117.
105
Calculate the remainder when 358345 is divided by 119377.
214
What is the remainder when 12857 is divided by 45?
32
Calculate the remainder when 41710 is divided by 20676.
358
Calculate the remainder when 467841 is divided by 156.
153
Calculate the remainder when 295945 is divided by 2592.
457
Calculate the remainder when 27159039 is divided by 1012.
1007
Calculate the remainder when 1752951 is divided by 1236.
303
What is the remainder when 19958 is divided by 957?
818
What is the remainder when 1737599 is divided by 278?
99
What is the remainder when 809282 is divided by 1362?
254
Calculate the remainder when 26277639 is divided by 1876974.
3
What is the remainder when 390913 is divided by 991?
459
Calculate the remainder when 15973 is divided by 226.
153
What is the remainder when 333981 is divided by 10?
1
What is the remainder when 75778 is divided by 1054?
944
Calculate the remainder when 716693 is divided by 71641.
283
What is the remainder when 1074212 is divided by 17610?
2
Calculate the remainder when 3952167 is divided by 13962.
921
What is the remainder when 1044163 is divided by 80306?
185
Calculate the remainder when 151242 is divided by 124.
86
Calculate the remainder when 5239286 is divided by 523928.
6
What is the remainder when 514030 is divided by 1342?
44
What is the remainder when 9642107 is divided by 3016?
2971
What is the remainder when 397425 is divided by 15262?
613
Calculate the remainder when 59142 is divided by 29550.
42
What is the remainder when 815523318 is divided by 340?
338
What is the remainder when 2015144 is divided by 59?
58
What is the remainder when 552402 is divided by 552246?
156
Calculate the remainder when 767587 is divided by 1845.
67
Calculate the remainder when 25923053 is divided by 581.
576
Calculate the remainder when 31495292 is divided by 65.
62
What is the remainder when 100823 is divided by 33539?
206
Calculate the remainder when 7600546 is divided by 40644.
118
What is the remainder when 26725 is divided by 158?
23
What is the remainder when 1422970 is divided by 1354?
1270
Calculate the remainder when 593526 is divided by 83996.
5554
What is the remainder when 858781 is divided by 95419?
10
Calculate the remainder when 13087 is divided by 2202.
2077
Calculate the remainder when 11745899 is divided by 652549.
17
Calculate the remainder when 1115301 is divided by 3189.
2340
Calculate the remainder when 9333621 is divided by 119.
94
Calculate the remainder when 5401326 is divided by 15.
6
What is the remainder when 10030976 is divided by 1016?
8
What is the remainder when 12537197 is divided by 530?
47
Calculate the remainder when 140901 is divided by 2607.
123
Calculate the remainder when 44576 is divided by 14634.
674
Calculate the remainder when 1016017 is divided by 846.
817
Calculate the remainder when 85411 is divided by 1678.
1511
Calculate the remainder when 1775464 is divided by 231.
229
Calculate the remainder when 142693 is divided by 6476.
221
What is the remainder when 556812535 is divided by 7?
6
Calculate the remainder when 136709306 is divided by 11765.
6
Calculate the remainder when 10459214 is divided by 508.
2
Calculate the remainder when 2776317 is divided by 829.
825
Calculate the remainder when 6065057 is divided by 44.
9
Calculate the remainder when 1114379 is divided by 639.
602
Calculate the remainder when 176587820 is divided by 1112.
1108
What is the remainder when 72398 is divided by 10265?
543
What is the remainder when 9449423 is divided by 910?
893
What is the remainder when 279536 is divided by 49?
40
What is the remainder when 38066885 is divided by 1777?
1768
Calculate the remainder when 144479 is divided by 420.
419
What is the remainder when 11989708 is divided by 159?
154
What is the remainder when 190099 is divided by 466?
437
Calculate the remainder when 506419 is divided by 168712.
283
What is the remainder when 483715 is divided by 103?
27
Calculate the remainder when 3864418 is divided by 351306.
52
Calculate the remainder when 98513319 is divided by 456.
447
Calculate the remainder when 67635 is divided by 6744.
195
Calculate the remainder when 43004067 is divided by 21502026.
15
What is the remainder when 3009040 is divided by 5935?
5930
What is the remainder when 59562001 is divided by 313?
292
Calculate the remainder when 114430 is divided by 37934.
628
Calculate the remainder when 1736017 is divided by 35.
17
Calculate the remainder when 1250880 is divided by 125.
5
What is the remainder when 107996125 is divided by 35998705?
10
What is the remainder when 4434300 is divided by 3181?
3167
What is the remainder when 19577519 is divided by 3011?
3008
What is the remainder when 3209708 is divided by 441?
110
Calculate the remainder when 3557169 is divided by 136810.
109
What is the remainder when 207786 is divided by 41545?
61
Calculate the remainder when 29464712 is divided by 66.
2
What is the remainder when 3163801 is divided by 10873?
10631
What is the remainder when 50041317 is divided by 8343?
3
Calculate the remainder when 2337403 is divided by 239.
222
Calculate the remainder when 535594 is divided by 69.
16
Calculate the remainder when 3785061 is divided by 2505.
6
Calculate the remainder when 1544340 is divided by 772169.
2
What is the remainder when 579727 is divided by 44592?
31
Calculate the remainder when 16527 is divided by 49.
14
What is the remainder when 15121969 is divided by 16896?
49
Calculate the remainder when 13379048 is divided by 2057.
320
What is the remainder when 761385 is divided by 108767?
16
What is the remainder when 164988331 is divided by 1229?
1226
What is the remainder when 252041 is divided by 870?
611
What is the remainder when 303116 is divided by 301?
9
Calculate the remainder when 13887843 is divided by 21333.
60
What is the remainder when 4140414 is divided by 1035027?
306
What is the remainder when 209545 is divided by 52323?
253
What is the remainder when 16546406 is divided by 325?
6
Calculate the remainder when 1386617 is divided by 47811.
98
What is the remainder when 873000 is divided by 311?
23
What is the remainder when 7745588 is divided by 43031?
8
What is the remainder when 694542 is divided by 53409?
225
Calculate the remainder when 1261262 is divided by 20.
2
What is the remainder when 1936598 is divided by 22?
4
What is the remainder when 2520722 is divided by 19693?
18
What is the remainder when 11915930 is divided by 74?
6
What is the remainder when 6043838 is divided by 15617?
59
What is the remainder when 159551 is divided by 638?
51
Calculate the remainder when 350997 is divided by 75.
72
What is the remainder when 3943405 is divided by 3137?
196
Calculate the remainder when 344982 is divided by 171965.
1052
Calculate the remainder when 2581168 is divided by 211.
5
What is the remainder when 3150271 is divided by 2672?
2655
Calculate the remainder when 515200 is divided by 1288.
0
What is the remainder when 9977576 is divided by 89888?
8
Calculate the remainder when 50339439 is divided by 372.
27
Calculate the remainder when 35353084 is divided by 232.
228
What is the remainder when 173613 is divided by 2073?
1554
What is the remainder when 38536145 is divided by 242365?
110
What is the remainder when 62734 is divided by 397?
8
Calculate the remainder when 283941 is divided b